+ 2*h + 2. Let t be x(m). Determine f(t).
-3
Suppose -9*u + 6*u + 9 = 0. Let w(t) = -t**2 + t - 2. Calculate w(u).
-8
Suppose 10 = -2*o - 2*c, o - c + 3 = 2. Let p(i) = i**3 + 4*i**2 + 4*i + 1. Give p(o).
-2
Let i(d) be the first derivative of d**3/3 + 9*d**2/2 - 29. Give i(-7).
-14
Let c(j) be the first derivative of j**4/4 - j**3 - 7*j**2/2 + 9. Calculate c(5).
15
Let s(y) = -y**2 + 2*y + 1. Let j be s(3). Let g be ((-6)/4)/(3/(-2)). Let i(v) = 3 + 0*v + 0*v - g + v. Calculate i(j).
0
Let x = 86 + -96. Let a(s) = -2*s - 12. Determine a(x).
8
Let x(b) = -4*b - b + 3*b. Calculate x(-7).
14
Let a(b) = -b - 1. Let c(q) = -2*q. Let o(u) = -5*a(u) + 3*c(u). Calculate o(4).
1
Let m(u) = -2*u**2 + 4*u - 2. Let k = -1 + 3. Let s be m(k). Let w(a) be the second derivative of -a**4/12 - 5*a**3/6 - a**2/2 - a. Calculate w(s).
5
Let c(i) be the third derivative of i**4/24 + 2*i**3/3 - 3*i**2. Let a be c(-4). Let t(l) = -l**3 + l**2 - l + 3. Determine t(a).
3
Let t = -8 + 10. Suppose t*k = -k. Let p(f) = -5*f + 2. Let h(z) = 4*z - 3. Let s(b) = -6*h(b) - 5*p(b). Give s(k).
8
Let o(n) = 13*n**2 - 4*n**2 + n**3 - 6*n**2 - 6 - 5*n. Determine o(-4).
-2
Let j(v) = v - 1. Let q = 3 - -5. Suppose 0 = 2*k + 5*x - 5, -2*k - x + q = x. What is j(k)?
4
Let m(w) = w**3 + 4*w**2 + 2*w + 3. Let r be m(-4). Let t = 11 + r. Let y(d) = -t + d + 6. Calculate y(4).
4
Let r(g) = g**2 + 8. Suppose 14 = 5*h - 2*u, 1 = -2*h + 6*u - 3*u. Suppose 1 = -5*k - 3*q - 8, h*k + 12 = -4*q. What is r(k)?
8
Let o(z) = 6 + 2*z - 5*z**3 - 4*z**2 + 4*z + 4*z**3. What is o(-5)?
1
Let y(t) = 6*t - 4*t + 3 - 4*t**2 + 5*t**3 + t - 4*t**3. Give y(3).
3
Let b(d) = d + 4. Let q be b(0). Suppose 2*t - 4*u = -12, 9 = -2*t - 2*t + 3*u. Let i(k) = 0 - 4*k + k**2 + t - 2. What is i(q)?
-2
Let p(x) = -4*x**2 + 9 - 1 - 2*x - 14 + 7*x - x**3. Let y = -3 - 4. Let u(m) = m**3 + 6*m**2 - 5*m + 9. Let k be u(y). What is p(k)?
-6
Let y(l) be the third derivative of 0*l**4 + 0 + 0*l + l**2 - 1/3*l**3 - 1/120*l**6 + 1/12*l**5. Give y(5).
-2
Let j(n) be the first derivative of 7*n**2/2 + n - 10. Let k(p) = -p + 6. Let g be k(5). Calculate j(g).
8
Let j(d) = -2*d + 1. Suppose 3*c = 2*i - 5 + 3, -4*i = 3*c + 14. Give j(c).
5
Suppose -2*i = -0*i. Let c(h) = -1 - 2*h - 2 + i. Let w be c(-2). Let z(u) = 5*u + 1. Give z(w).
6
Let g = 8 + -4. Let o(a) be the first derivative of -4 + 2*a**2 + 2 + 6*a - 3*a**2. Calculate o(g).
-2
Let n(b) be the second derivative of b**6/360 + b**5/120 - b**4/24 + b**3/6 + 5*b. Let x(l) be the second derivative of n(l). Determine x(-2).
1
Let q(s) = -7*s**2 + s + 1. Suppose 0 = -n + 3 + 2. Suppose t + 4*u = -3*t - 12, -2*u = t + n. What is q(t)?
-7
Let s(a) = a**2 + 6*a + 8. Let p be (0 - 1 - -3)*3. Suppose 0 = -3*r + 13 - 37. Let b be r/p*18/4. What is s(b)?
8
Let s(d) = -3*d + 2. Let a(i) = i**2 + 6*i - 4. Suppose -u - 2 = 5. Let x be a(u). Determine s(x).
-7
Let f(g) = g**2 - g + 1. Suppose -4*h + 153 = 53. Suppose -3*o - 17 = -4*v, -5*o = -5*v + h - 5. Calculate f(o).
1
Let t(s) be the second derivative of s**4/12 + s**3/3 - 3*s**2/2 + 15*s. Let u be 2/4*(1 - 1). Suppose 6*r - r + 15 = u. Determine t(r).
0
Suppose -2*n + 14 = -2*m - 44, 0 = -n + 4*m + 44. Suppose -p = -5*p + n. Let q(j) = -4*j**2 + 6 + 5*j - j**3 + p*j - 5*j. Give q(-5).
1
Let o(b) be the second derivative of b**3/3 - 2*b**2 - b. Let a be o(4). Suppose -k - a = k. Let q(d) = -d**3. What is q(k)?
8
Let x(c) be the third derivative of c**4/3 - c**3/6 + 12*c**2. Let a = -7 + 6. Give x(a).
-9
Let v(m) be the second derivative of m**3/6 + 2*m**2 - 6*m. Determine v(-6).
-2
Let h(v) = 5*v - 4*v + 3*v + 0*v. Suppose t = 4*y + 10, 2*t + 2 = 4*t - 2*y. What is h(t)?
-8
Let o(l) = l - 3. Let a(y) = y**2 + 3*y - 4. Let m be a(-4). Give o(m).
-3
Let f(d) = d**2 + d + 2. Suppose 6 = -2*n + 2. What is f(n)?
4
Let i(c) be the third derivative of 0*c + 0 - 1/24*c**4 - 9*c**2 - 1/6*c**3. Let u(v) = v**2 + 7*v + 5. Let s be u(-5). Calculate i(s).
4
Let o(k) = 5*k + 3 - 5*k**3 + 6*k**3 + 9*k**2 - k - 5*k**2. Determine o(-2).
3
Let g(x) = -x**3 - 2*x**2 - 2*x - 3. Suppose -r + 8 - 19 = 4*o, 0 = o + r + 2. Calculate g(o).
12
Let k = -18 - -5. Let a = -8 - k. Let c(f) = -f**2 + 5*f + 1. Let o(h) = -1. Let g(s) = a*o(s) - c(s). Calculate g(6).
0
Suppose 5*f - 3*q + 12 = -5*q, 0 = -f + 3*q - 16. Let l(k) = -k. Let h(t) = -2*t**2 - 4*t + 3. Let c(i) = h(i) + l(i). Determine c(f).
-9
Let x(i) = i - 1. Let a(f) = -f + 1. Let y be a(-3). Suppose y*w - 7 = 13. What is x(w)?
4
Let q be (1 - 6/4)*-12. Suppose b + q = -b. Let j(o) be the first derivative of o**3/3 + o**2 + 3*o - 81. What is j(b)?
6
Let c(j) = 5*j - 8*j**2 + 0 + 7*j**2 - 2. Give c(6).
-8
Let f(o) = -3*o + 3*o**2 + o**3 - 3 + 2 + 4*o. Let r be 2 - (-2 + -4 + 10). Calculate f(r).
1
Let t(r) be the first derivative of -r**4/4 + r**3/3 - r - 31. Give t(1).
-1
Let n(d) = -6*d**2 - 12*d - 8. Let o(a) = a**2 + a + 2. Let k(y) = n(y) + 5*o(y). Determine k(-4).
14
Let g(u) = 0*u + 3*u - 4*u + 8*u**2. Let r(p) = -p**3 - 4*p**2 + 4*p - 4. Let z be r(-5). Calculate g(z).
7
Let l(q) = 6. Let r(d) = -d - 25. Let p(u) = -9*l(u) - 2*r(u). Let g be (-3)/(-12) - (-15)/4. Suppose -a = -3*y - 6, -g*a = -0*y - 4*y - 16. Give p(a).
2
Suppose 11*o + 80 = 3*o. Let z(g) = g + 14. Determine z(o).
4
Let s(g) = 13*g - 11 - 14*g + 5. Suppose 2*j = -0*j - 16. Let u be s(j). Let t(k) = -k**3 + 2. What is t(u)?
-6
Let l(f) = -24 + 6*f + 23 - 3. What is l(-4)?
-28
Let p(o) = o**3 - 5*o**2 - o + 6. Let b be p(5). Let u(f) = -f**2 + f. What is u(b)?
0
Let q be (-2)/4 + (-1)/(-2). Let j(c) = -c**3 + c**2 - 8. Calculate j(q).
-8
Suppose -3*y + q = 4*q + 21, 3*y = -4*q - 23. Let i(v) = -2*v - 5. Give i(y).
5
Let s be (2 - (5 + -3)) + 0. Suppose 5*k + 4*o + 10 = s, 10*k - 5*k = 3*o - 45. Let m(h) = -h**3 - 5*h**2 + 6*h - 7. Calculate m(k).
-7
Let t(h) be the second derivative of h**5/20 + h**4/4 - h**3/2 + 5*h**2/2 - h. Let m = -7 - -10. Suppose 2*i - m = 2*c + 3, -1 = c - 3*i. Determine t(c).
1
Suppose -6*o + 16 = -2*o. Let c(q) = -9*q - 6 + o*q + 6*q. Let l be (-1)/(-1) - (-1)/(-1). What is c(l)?
-6
Let l = -49 + 55. Let u(o) = o + 2. What is u(l)?
8
Suppose 0 = -3*k + 18. Let p(a) = -2*a + 8. Let b be p(k). Let z(r) be the third derivative of r**5/60 + r**4/8 + r**3/3 - 2*r**2. Determine z(b).
6
Let w(y) = -4*y - y - 12 + 9*y. Let g(m) = -3*m + 8. Let o(b) = 8*g(b) + 5*w(b). Determine o(4).
-12
Let n be (12/24)/(2/8) - 8. Let k(o) = o**3 + 6*o**2 + 8. Give k(n).
8
Let f(i) = -i**2 + 5*i - 4. Let u be f(3). Let j = u - 3. Let o(s) be the second derivative of -11*s**4/12 + s**3/3 + s**2/2 - 21*s. Determine o(j).
-12
Suppose 3 = 2*g - 2*n - 3, -14 = 2*g + 3*n. Let b(w) = 2*w. What is b(g)?
-2
Let m(s) = s - 10. Let a = 10 + -8. Let x be (a - -3)*(-1)/(-1). Give m(x).
-5
Let c(w) = 2 - 404*w + w**2 - 392*w + 801*w. Calculate c(-3).
-4
Let k(r) = -r + 1. Let o(w) = -8*w + 5. Let q(d) = 4*k(d) - o(d). Calculate q(1).
3
Let x(w) = -2 + 7*w + 2 + 0 + 1. Determine x(2).
15
Let t be (1/3)/(6/9). Let a(f) be the second derivative of 0 - 1/6*f**3 - f - t*f**2. Give a(2).
-3
Let w(a) = 8*a**3 + a**2 - 2*a + 1. Let v be w(1). Suppose 0 = 2*f - d, v = -f - f + 3*d. Let u(y) = 2*y + 1. Determine u(f).
5
Let x(s) = -s**3 - s**2 - s - 1. Let l(p) = -3*p**3 - 4*p**2 - 3*p - 3. Let q = 5 + -1. Let t(n) = q*x(n) - l(n). Let v be 0*(7 + -4)/(-3). What is t(v)?
-1
Let i(y) = y**3 + 6*y**2 - 6*y - 2. Let v(p) = -4*p**3 - 25*p**2 + 24*p + 7. Let w(n) = -9*i(n) - 2*v(n). Let m be 5/(-1*2 + 1). Give w(m).
-1
Let n(i) = 4*i**3 + 14*i**2 + 2*i - 6. Let m(d) = -d**3 - 2*d**2 - d + 1. Let o(f) = 5*m(f) + n(f). Let k be 4/(-14) + 23/7. What is o(k)?
-1
Let v(j) = -j**3 - 19*j**2 - j - 25. Let b be v(-19). Let h(t) = 2*t - 1. Determine h(b).
-13
Let g = 9 + -6. Let n(a) = -4*a - 3*a**2 + a**3 + 0*a + 3 + 2*a. Determine n(g).
-3
Suppose -3*z + 16 + 14 = 0. Let c(v) = 2 - 1 + z + v. Let k(y) = -y**2 + 5*y + 9. Let i be k(7). Calculate c(i).
6
Let d(u) = u - 3. Let l be (-112)/18 + 2/9. Let y(r) = -r**3 - 7*r**2 - 9*r - 6. Let o be y(l). Suppose 2*p - o = 6*p. Calculate d(p).
-6
Let k(u) = -3*u**3 - 3 + 4*u**3 - 2*u + 4*u. Calculate k(2).
9
Let m(p) be the third derivative of -p**5/60 + p**4/8 + 5*p**3/6 - 4*p**2. Let b = 1 - -3. Give m(b).
1
Let h = 